{"version":"1.0","provider_name":"Innsbruck International 2020","provider_url":"https:\/\/2020.innsbruckinternational.com\/de","author_name":"Nicole Alber","author_url":"https:\/\/2020.innsbruckinternational.com\/de\/author\/nicole\/","title":"Etel Adnan (exhibition) - Innsbruck International 2020","type":"rich","width":600,"height":338,"html":"<blockquote class=\"wp-embedded-content\" data-secret=\"PjuR8MxU3u\"><a href=\"https:\/\/2020.innsbruckinternational.com\/de\/event\/etel-adnan-exhibition\/\">Etel Adnan (exhibition)<\/a><\/blockquote><iframe sandbox=\"allow-scripts\" security=\"restricted\" src=\"https:\/\/2020.innsbruckinternational.com\/de\/event\/etel-adnan-exhibition\/embed\/#?secret=PjuR8MxU3u\" width=\"600\" height=\"338\" title=\"&#8222;Etel Adnan (exhibition)&#8220; &#8211; Innsbruck International 2020\" data-secret=\"PjuR8MxU3u\" frameborder=\"0\" marginwidth=\"0\" marginheight=\"0\" scrolling=\"no\" class=\"wp-embedded-content\"><\/iframe><script>\n\/*! This file is auto-generated *\/\n!function(d,l){\"use strict\";l.querySelector&&d.addEventListener&&\"undefined\"!=typeof URL&&(d.wp=d.wp||{},d.wp.receiveEmbedMessage||(d.wp.receiveEmbedMessage=function(e){var t=e.data;if((t||t.secret||t.message||t.value)&&!\/[^a-zA-Z0-9]\/.test(t.secret)){for(var s,r,n,a=l.querySelectorAll('iframe[data-secret=\"'+t.secret+'\"]'),o=l.querySelectorAll('blockquote[data-secret=\"'+t.secret+'\"]'),c=new RegExp(\"^https?:$\",\"i\"),i=0;i<o.length;i++)o[i].style.display=\"none\";for(i=0;i<a.length;i++)s=a[i],e.source===s.contentWindow&&(s.removeAttribute(\"style\"),\"height\"===t.message?(1e3<(r=parseInt(t.value,10))?r=1e3:~~r<200&&(r=200),s.height=r):\"link\"===t.message&&(r=new URL(s.getAttribute(\"src\")),n=new URL(t.value),c.test(n.protocol))&&n.host===r.host&&l.activeElement===s&&(d.top.location.href=t.value))}},d.addEventListener(\"message\",d.wp.receiveEmbedMessage,!1),l.addEventListener(\"DOMContentLoaded\",function(){for(var e,t,s=l.querySelectorAll(\"iframe.wp-embedded-content\"),r=0;r<s.length;r++)(t=(e=s[r]).getAttribute(\"data-secret\"))||(t=Math.random().toString(36).substring(2,12),e.src+=\"#?secret=\"+t,e.setAttribute(\"data-secret\",t)),e.contentWindow.postMessage({message:\"ready\",secret:t},\"*\")},!1)))}(window,document);\n\/\/# sourceURL=https:\/\/2020.innsbruckinternational.com\/wp-includes\/js\/wp-embed.min.js\n<\/script>\n","thumbnail_url":"https:\/\/2020.innsbruckinternational.com\/wp-content\/uploads\/sites\/3\/2020\/02\/Kesselhaus-33.jpg","thumbnail_width":1024,"thumbnail_height":738,"description":"\u201eIdentit\u00e4t ist wie ein Baum, der mal gl\u00fccklich sprie\u00dft, mal Bl\u00e4tter verliert. Es ist ein sich st\u00e4ndig wandelnder Prozess.\u201c\u00b9 Die K\u00fcnstlerin Etel Adnan wurde 1925 in Beirut geboren und wuchs inmitten zahlreicher Kulturen und Sprachen auf. Sie arbeitet seit den 1950er-Jahren schriftstellerisch, philosophisch, als Dichterin und Malerin. Dabei besch\u00e4ftigen sie Fragen rund um Sprache, Erinnerung, [&hellip;]"}

„Identität ist wie ein Baum, der mal glücklich sprießt, mal Blätter verliert. Es ist ein sich ständig wandelnder Prozess.“¹ Die Künstlerin Etel Adnan wurde 1925 in Beirut geboren und wuchs inmitten zahlreicher Kulturen und Sprachen auf. Sie arbeitet seit den 1950er-Jahren schriftstellerisch, philosophisch, als Dichterin und Malerin. Dabei beschäftigen sie Fragen rund um Sprache, Erinnerung, [&hellip;]
